{"id":17881,"date":"2026-02-20T07:33:58","date_gmt":"2026-02-20T06:33:58","guid":{"rendered":"https:\/\/lichtwerk-loerrach.de\/?page_id=17881"},"modified":"2026-04-01T08:54:37","modified_gmt":"2026-04-01T06:54:37","slug":"herzlich-willkommen","status":"publish","type":"page","link":"https:\/\/lichtwerk-loerrach.de\/","title":{"rendered":"Herzlich Willkommen"},"content":{"rendered":"<p>[et_pb_section fb_built=&#8220;1&#8243; admin_label=&#8220;Header&#8220; _builder_version=&#8220;4.27.5&#8243; _module_preset=&#8220;default&#8220; custom_padding=&#8220;||0px||false|false&#8220; collapsed=&#8220;on&#8220; global_colors_info=&#8220;{}&#8220;][et_pb_row _builder_version=&#8220;4.25.0&#8243; _module_preset=&#8220;default&#8220; max_width=&#8220;none&#8220; global_colors_info=&#8220;{}&#8220;][et_pb_column type=&#8220;4_4&#8243; _builder_version=&#8220;4.24.2&#8243; _module_preset=&#8220;default&#8220; global_colors_info=&#8220;{}&#8220;][et_pb_image src=&#8220;https:\/\/lichtwerk-loerrach.de\/wp-content\/uploads\/2026\/02\/Lichtwerk_Logo_Gold.png&#8220; title_text=&#8220;Lichtwerk_Logo_Gold&#8220; _builder_version=&#8220;4.27.5&#8243; _module_preset=&#8220;default&#8220; max_width=&#8220;300px&#8220; module_alignment=&#8220;center&#8220; global_colors_info=&#8220;{}&#8220;][\/et_pb_image][et_pb_text _builder_version=&#8220;4.27.5&#8243; _module_preset=&#8220;5c92eb51-e0ea-4e0c-a415-f7356f59e526&#8243; header_font=&#8220;Actor|300|||||||&#8220; header_text_color=&#8220;#cca248&#8243; header_font_size=&#8220;6vw&#8220; text_orientation=&#8220;center&#8220; custom_margin=&#8220;||10px||false|false&#8220;]<\/p>\n<h1>Wir sind bald f\u00fcr euch da!<\/h1>\n<p>[\/et_pb_text][et_pb_text _builder_version=&#8220;4.27.5&#8243; _module_preset=&#8220;d7d6f17f-20f9-4877-bf86-e1d11f0d3653&#8243; text_font=&#8220;Actor|700|||||||&#8220; text_text_color=&#8220;#efbd53&#8243; text_font_size=&#8220;35px&#8220; header_font=&#8220;Actor|700|||||||&#8220; text_orientation=&#8220;center&#8220; max_width=&#8220;800px&#8220; module_alignment=&#8220;center&#8220; global_colors_info=&#8220;{}&#8220;]<\/p>\n<p>NEU in L\u00f6rrach &#8211; Lichtwerk \u00f6ffnet Ihre Pforten<\/p>\n<p>[\/et_pb_text][\/et_pb_column][\/et_pb_row][\/et_pb_section][et_pb_section fb_built=&#8220;1&#8243; admin_label=&#8220;About&#8220; _builder_version=&#8220;4.23.2&#8243; _module_preset=&#8220;default&#8220; collapsed=&#8220;on&#8220; global_colors_info=&#8220;{}&#8220;][et_pb_row column_structure=&#8220;1_2,1_2&#8243; _builder_version=&#8220;4.24.2&#8243; _module_preset=&#8220;default&#8220; global_colors_info=&#8220;{}&#8220;][et_pb_column type=&#8220;1_2&#8243; _builder_version=&#8220;4.24.2&#8243; _module_preset=&#8220;default&#8220; custom_padding=&#8220;10%||10%||true|false&#8220; custom_padding_tablet=&#8220;0%||0%||true|false&#8220; custom_padding_phone=&#8220;0%||0%||true|false&#8220; custom_padding_last_edited=&#8220;on|desktop&#8220; global_colors_info=&#8220;{}&#8220;][et_pb_image src=&#8220;https:\/\/lichtwerk-loerrach.de\/wp-content\/uploads\/2026\/02\/Blatt_1-scaled.png&#8220; title_text=&#8220;Blatt_1&#8243; disabled_on=&#8220;on|on|off&#8220; _builder_version=&#8220;4.27.5&#8243; _module_preset=&#8220;default&#8220; transform_translate=&#8220;-110%|0px&#8220; transform_translate_linked=&#8220;off&#8220; positioning=&#8220;absolute&#8220; width=&#8220;30%&#8220; global_colors_info=&#8220;{}&#8220;][\/et_pb_image][et_pb_text _builder_version=&#8220;4.27.5&#8243; _module_preset=&#8220;da9b7f1c-209f-413a-9559-3e0b685a2e50&#8243; header_4_text_color=&#8220;gcid-0a70bcaa-1736-40e0-9723-4fb88b8b6694&#8243; hover_enabled=&#8220;0&#8243; global_colors_info=&#8220;{%22gcid-c515c2e5-3fd0-4426-90da-e434a88a980d%22:%91%22text_text_color%22,%22text_text_color%22%93,%22gcid-0a70bcaa-1736-40e0-9723-4fb88b8b6694%22:%91%22header_4_text_color%22%93}&#8220; sticky_enabled=&#8220;0&#8243;]<\/p>\n<h4>Was findet eigentlich<\/h4>\n<p>[\/et_pb_text][et_pb_text _builder_version=&#8220;4.27.5&#8243; _module_preset=&#8220;9b199fd1-aaa2-469a-a5be-ad49d4ceb346&#8243; header_font=&#8220;Actor||||||||&#8220; header_2_font=&#8220;Actor|700|||||||&#8220; header_2_text_color=&#8220;#efbd53&#8243; custom_margin=&#8220;||10px||false|false&#8220; global_colors_info=&#8220;{}&#8220;]<\/p>\n<h2>in unseren neuen R\u00e4umen statt?<\/h2>\n<p>[\/et_pb_text][et_pb_text _builder_version=&#8220;4.27.5&#8243; _module_preset=&#8220;d7d6f17f-20f9-4877-bf86-e1d11f0d3653&#8243; global_colors_info=&#8220;{}&#8220;]<\/p>\n<p><strong>Holistic Pulsing (Sanfte K\u00f6rperarbeit)<\/strong><\/p>\n<p><strong>Kinderyoga &amp; Teenieyoga<\/strong><\/p>\n<p><strong>Frauenyoga<\/strong><\/p>\n<p><strong>Frauen- &amp; M\u00e4nnerkreise<\/strong><\/p>\n<p><strong>Aroma-\u00d6le (Doterra)<\/strong><\/p>\n<p><strong>Klangschalen<\/strong><\/p>\n<p><strong>R\u00e4ucherwerk &amp; Zubeh\u00f6r<\/strong><\/p>\n<p><strong>Kristalle \/ Mineralien<\/strong><\/p>\n<p>[\/et_pb_text][\/et_pb_column][et_pb_column type=&#8220;1_2&#8243; _builder_version=&#8220;4.23.2&#8243; _module_preset=&#8220;default&#8220; global_colors_info=&#8220;{}&#8220;][et_pb_image src=&#8220;https:\/\/lichtwerk-loerrach.de\/wp-content\/uploads\/2026\/02\/ChatGPT-Image-14.-Feb.-2026-13_19_57.png&#8220; title_text=&#8220;ChatGPT Image 14. Feb. 2026, 13_19_57&#8243; _builder_version=&#8220;4.27.5&#8243; _module_preset=&#8220;default&#8220; scroll_fade_enable=&#8220;on&#8220; hover_enabled=&#8220;0&#8243; global_colors_info=&#8220;{}&#8220; sticky_enabled=&#8220;0&#8243;][\/et_pb_image][et_pb_image src=&#8220;https:\/\/lichtwerk-loerrach.de\/wp-content\/uploads\/2026\/02\/Blatt_2-scaled.png&#8220; title_text=&#8220;Blatt_2&#8243; align=&#8220;right&#8220; disabled_on=&#8220;on|on|off&#8220; _builder_version=&#8220;4.27.5&#8243; _module_preset=&#8220;default&#8220; transform_translate=&#8220;-20%|0px&#8220; transform_translate_linked=&#8220;off&#8220; positioning=&#8220;absolute&#8220; position_origin_a=&#8220;bottom_left&#8220; width=&#8220;29%&#8220; locked=&#8220;off&#8220; global_colors_info=&#8220;{}&#8220;][\/et_pb_image][\/et_pb_column][\/et_pb_row][\/et_pb_section][et_pb_section fb_built=&#8220;1&#8243; _builder_version=&#8220;4.24.2&#8243; _module_preset=&#8220;default&#8220; global_colors_info=&#8220;{}&#8220;][et_pb_row _builder_version=&#8220;4.27.5&#8243; _module_preset=&#8220;default&#8220; global_colors_info=&#8220;{}&#8220;][et_pb_column type=&#8220;4_4&#8243; _builder_version=&#8220;4.27.5&#8243; _module_preset=&#8220;default&#8220; global_colors_info=&#8220;{}&#8220;][et_pb_social_media_follow use_icon_font_size=&#8220;on&#8220; icon_font_size=&#8220;36px&#8220; _builder_version=&#8220;4.27.5&#8243; _module_preset=&#8220;default&#8220; text_orientation=&#8220;center&#8220; global_colors_info=&#8220;{}&#8220;][et_pb_social_media_follow_network social_network=&#8220;instagram&#8220; url=&#8220;https:\/\/www.instagram.com\/lichtwerk_loerrach\/&#8220; _builder_version=&#8220;4.27.5&#8243; _module_preset=&#8220;default&#8220; background_color=&#8220;#ea2c59&#8243; global_colors_info=&#8220;{}&#8220; follow_button=&#8220;off&#8220; url_new_window=&#8220;on&#8220;]instagram[\/et_pb_social_media_follow_network][et_pb_social_media_follow_network social_network=&#8220;whatsapp&#8220; url=&#8220;https:\/\/wa.me\/4915167364728&#8243; _builder_version=&#8220;4.27.5&#8243; _module_preset=&#8220;default&#8220; background_color=&#8220;#25D366&#8243; global_colors_info=&#8220;{}&#8220; follow_button=&#8220;off&#8220; url_new_window=&#8220;on&#8220;]whatsapp[\/et_pb_social_media_follow_network][\/et_pb_social_media_follow][\/et_pb_column][\/et_pb_row][\/et_pb_section][et_pb_section fb_built=&#8220;1&#8243; _builder_version=&#8220;4.25.0&#8243; _module_preset=&#8220;default&#8220; background_color=&#8220;#f2f2f2&#8243; global_colors_info=&#8220;{}&#8220;][et_pb_row _builder_version=&#8220;4.25.0&#8243; _module_preset=&#8220;default&#8220; global_colors_info=&#8220;{}&#8220;][et_pb_column type=&#8220;4_4&#8243; _builder_version=&#8220;4.23.2&#8243; _module_preset=&#8220;default&#8220; global_colors_info=&#8220;{}&#8220;][et_pb_text _builder_version=&#8220;4.27.5&#8243; _module_preset=&#8220;9b199fd1-aaa2-469a-a5be-ad49d4ceb346&#8243; header_2_font=&#8220;Actor|700|||||||&#8220; header_2_text_color=&#8220;#efbd53&#8243; text_orientation=&#8220;center&#8220; global_colors_info=&#8220;{}&#8220;]<\/p>\n<h2>Allgemeine Infos<\/h2>\n<p>[\/et_pb_text][\/et_pb_column][\/et_pb_row][et_pb_row column_structure=&#8220;1_2,1_2&#8243; _builder_version=&#8220;4.27.5&#8243; _module_preset=&#8220;default&#8220; global_colors_info=&#8220;{}&#8220;][et_pb_column type=&#8220;1_2&#8243; _builder_version=&#8220;4.27.5&#8243; _module_preset=&#8220;default&#8220; custom_padding=&#8220;20px|20px|20px|20px|true|true&#8220; border_width_all=&#8220;2px&#8220; border_color_all=&#8220;#FFFFFF&#8220; global_colors_info=&#8220;{}&#8220;][et_pb_icon font_icon=&#8220;&#xf3c5;||fa||900&#8243; icon_color=&#8220;#cca248&#8243; _builder_version=&#8220;4.27.5&#8243; _module_preset=&#8220;default&#8220; global_colors_info=&#8220;{}&#8220;][\/et_pb_icon][et_pb_text _builder_version=&#8220;4.27.5&#8243; _module_preset=&#8220;cd543d5d-18c2-4476-b576-52ab66ea6635&#8243; custom_margin=&#8220;||0px||false|false&#8220; global_colors_info=&#8220;{}&#8220;]<\/p>\n<h5>Adresse<\/h5>\n<p>[\/et_pb_text][et_pb_text _builder_version=&#8220;4.27.5&#8243; _module_preset=&#8220;a14bec49-cc9a-4d0f-9a2c-c4d78d9ac6fd&#8220; text_font_size=&#8220;18px&#8220; global_colors_info=&#8220;{}&#8220;]<\/p>\n<p>Teichstr. 38 in L\u00f6rrach<\/p>\n<p>[\/et_pb_text][\/et_pb_column][et_pb_column type=&#8220;1_2&#8243; _builder_version=&#8220;4.27.5&#8243; _module_preset=&#8220;default&#8220; custom_padding=&#8220;20px|20px|20px|20px|true|true&#8220; border_width_all=&#8220;2px&#8220; border_color_all=&#8220;#FFFFFF&#8220; global_colors_info=&#8220;{}&#8220;][et_pb_icon font_icon=&#8220;&#xf098;||fa||900&#8243; icon_color=&#8220;#cca248&#8243; _builder_version=&#8220;4.27.5&#8243; _module_preset=&#8220;default&#8220; global_colors_info=&#8220;{}&#8220;][\/et_pb_icon][et_pb_text _builder_version=&#8220;4.27.5&#8243; _module_preset=&#8220;cd543d5d-18c2-4476-b576-52ab66ea6635&#8243; custom_margin=&#8220;||0px||false|false&#8220; global_colors_info=&#8220;{}&#8220;]<\/p>\n<h5>Handy<\/h5>\n<p>[\/et_pb_text][et_pb_text _builder_version=&#8220;4.27.5&#8243; _module_preset=&#8220;a14bec49-cc9a-4d0f-9a2c-c4d78d9ac6fd&#8220; text_font_size=&#8220;18px&#8220; global_colors_info=&#8220;{}&#8220;]<\/p>\n<p><strong>+49<\/strong> <b>151 673 647 28 <\/b><\/p>\n<p>[\/et_pb_text][\/et_pb_column][\/et_pb_row][et_pb_row column_structure=&#8220;1_2,1_2&#8243; _builder_version=&#8220;4.27.5&#8243; _module_preset=&#8220;default&#8220; global_colors_info=&#8220;{}&#8220;][et_pb_column type=&#8220;1_2&#8243; _builder_version=&#8220;4.27.5&#8243; _module_preset=&#8220;default&#8220; custom_padding=&#8220;20px|20px|20px|20px|true|true&#8220; border_width_all=&#8220;2px&#8220; border_color_all=&#8220;#FFFFFF&#8220; global_colors_info=&#8220;{}&#8220;][et_pb_icon font_icon=&#8220;&#xf0e0;||fa||900&#8243; icon_color=&#8220;#cca248&#8243; _builder_version=&#8220;4.27.5&#8243; _module_preset=&#8220;default&#8220; global_colors_info=&#8220;{}&#8220;][\/et_pb_icon][et_pb_text _builder_version=&#8220;4.27.5&#8243; _module_preset=&#8220;cd543d5d-18c2-4476-b576-52ab66ea6635&#8243; custom_margin=&#8220;||0px||false|false&#8220; global_colors_info=&#8220;{}&#8220;]<\/p>\n<h5>Email<\/h5>\n<p>[\/et_pb_text][et_pb_text _builder_version=&#8220;4.27.5&#8243; _module_preset=&#8220;a14bec49-cc9a-4d0f-9a2c-c4d78d9ac6fd&#8220; text_font_size=&#8220;18px&#8220; global_colors_info=&#8220;{}&#8220;]<\/p>\n<p>info@lichtwerk-loerrach.de<\/p>\n<p>[\/et_pb_text][\/et_pb_column][et_pb_column type=&#8220;1_2&#8243; _builder_version=&#8220;4.27.5&#8243; _module_preset=&#8220;default&#8220; custom_padding=&#8220;20px|20px|20px|20px|true|true&#8220; border_width_all=&#8220;2px&#8220; border_color_all=&#8220;#FFFFFF&#8220; global_colors_info=&#8220;{}&#8220;][et_pb_social_media_follow icon_color=&#8220;#FFFFFF&#8220; use_icon_font_size=&#8220;on&#8220; icon_font_size=&#8220;43px&#8220; _builder_version=&#8220;4.27.5&#8243; _module_preset=&#8220;default&#8220; text_orientation=&#8220;center&#8220; global_colors_info=&#8220;{}&#8220;][et_pb_social_media_follow_network social_network=&#8220;instagram&#8220; url=&#8220;https:\/\/www.instagram.com\/lichtwerk_loerrach\/&#8220; _builder_version=&#8220;4.27.5&#8243; _module_preset=&#8220;default&#8220; background_color=&#8220;#ea2c59&#8243; global_colors_info=&#8220;{}&#8220; follow_button=&#8220;off&#8220; url_new_window=&#8220;on&#8220;]instagram[\/et_pb_social_media_follow_network][\/et_pb_social_media_follow][et_pb_text _builder_version=&#8220;4.27.5&#8243; _module_preset=&#8220;cd543d5d-18c2-4476-b576-52ab66ea6635&#8243; custom_margin=&#8220;||0px||false|false&#8220; global_colors_info=&#8220;{}&#8220;]<\/p>\n<h5>Instagram<\/h5>\n<p>[\/et_pb_text][et_pb_text _builder_version=&#8220;4.27.5&#8243; _module_preset=&#8220;a14bec49-cc9a-4d0f-9a2c-c4d78d9ac6fd&#8220; text_font_size=&#8220;18px&#8220; global_colors_info=&#8220;{}&#8220;]<\/p>\n<p>Lichtwerk_loerrach<\/p>\n<p>[\/et_pb_text][\/et_pb_column][\/et_pb_row][\/et_pb_section][et_pb_section fb_built=&#8220;1&#8243; admin_label=&#8220;Subscribe&#8220; _builder_version=&#8220;4.24.2&#8243; _module_preset=&#8220;default&#8220; use_background_color_gradient=&#8220;on&#8220; background_color_gradient_stops=&#8220;rgba(255,255,255,0) 70%|gcid-0a70bcaa-1736-40e0-9723-4fb88b8b6694 70%&#8220; saved_tabs=&#8220;all&#8220; collapsed=&#8220;on&#8220; global_colors_info=&#8220;{%22gcid-0a70bcaa-1736-40e0-9723-4fb88b8b6694%22:%91%22background_color_gradient_stops%22%93}&#8220;][et_pb_row column_structure=&#8220;1_2,1_2&#8243; custom_padding_last_edited=&#8220;on|desktop&#8220; _builder_version=&#8220;4.27.5&#8243; _module_preset=&#8220;default&#8220; background_color=&#8220;#FFFFFF&#8220; use_background_color_gradient=&#8220;on&#8220; background_color_gradient_stops=&#8220;#ffffff 0%|#cca248 100%&#8220; custom_padding=&#8220;60px|60px|60px|60px|true|true&#8220; custom_padding_tablet=&#8220;30px|30px|30px|30px|true|true&#8220; custom_padding_phone=&#8220;20px|20px|20px|20px|true|true&#8220; global_colors_info=&#8220;{}&#8220;][et_pb_column type=&#8220;1_2&#8243; _builder_version=&#8220;4.23.2&#8243; _module_preset=&#8220;default&#8220; global_colors_info=&#8220;{}&#8220;][et_pb_text _builder_version=&#8220;4.27.5&#8243; _module_preset=&#8220;9b199fd1-aaa2-469a-a5be-ad49d4ceb346&#8243; header_2_font=&#8220;Actor|700|||||||&#8220; header_2_text_color=&#8220;#FFFFFF&#8220; custom_margin=&#8220;||10px||false|false&#8220; global_colors_info=&#8220;{}&#8220;]<\/p>\n<h2>Wir freuen uns auf dich!<\/h2>\n<p>[\/et_pb_text][et_pb_text _builder_version=&#8220;4.27.5&#8243; _module_preset=&#8220;d7d6f17f-20f9-4877-bf86-e1d11f0d3653&#8243; text_text_color=&#8220;#FFFFFF&#8220; locked=&#8220;off&#8220; global_colors_info=&#8220;{}&#8220;]<\/p>\n<p><strong>Lichtwerk L\u00f6rrach<\/strong> &#8211; Ein Raum f\u00fcr K\u00f6rperarbeit, Yoga, Klang, Bewegung &amp; Begegnung f\u00fcr Frauen, M\u00e4nner, Kinder<\/p>\n<p>[\/et_pb_text][\/et_pb_column][et_pb_column type=&#8220;1_2&#8243; _builder_version=&#8220;4.23.2&#8243; _module_preset=&#8220;default&#8220; global_colors_info=&#8220;{}&#8220;][et_pb_image src=&#8220;https:\/\/lichtwerk-loerrach.de\/wp-content\/uploads\/2026\/02\/Lichtwerk_Logo-_Weiss.png&#8220; title_text=&#8220;Lichtwerk_Logo _Weiss&#8220; _builder_version=&#8220;4.27.5&#8243; _module_preset=&#8220;default&#8220; max_height=&#8220;204px&#8220; global_colors_info=&#8220;{}&#8220;][\/et_pb_image][\/et_pb_column][\/et_pb_row][\/et_pb_section][et_pb_section fb_built=&#8220;1&#8243; admin_label=&#8220;Footer&#8220; _builder_version=&#8220;4.24.2&#8243; _module_preset=&#8220;default&#8220; background_color=&#8220;gcid-0a70bcaa-1736-40e0-9723-4fb88b8b6694&#8243; saved_tabs=&#8220;all&#8220; collapsed=&#8220;on&#8220; global_colors_info=&#8220;{%22gcid-0a70bcaa-1736-40e0-9723-4fb88b8b6694%22:%91%22background_color%22%93}&#8220;][et_pb_row _builder_version=&#8220;4.25.0&#8243; _module_preset=&#8220;default&#8220; custom_margin=&#8220;||||false|false&#8220; custom_padding=&#8220;20px||||false|false&#8220; border_color_all=&#8220;rgba(255,255,255,0.24)&#8220; border_width_top=&#8220;1px&#8220; global_colors_info=&#8220;{}&#8220;][et_pb_column type=&#8220;4_4&#8243; _builder_version=&#8220;4.23.2&#8243; _module_preset=&#8220;default&#8220; global_colors_info=&#8220;{}&#8220;][et_pb_text _builder_version=&#8220;4.27.5&#8243; _dynamic_attributes=&#8220;content&#8220; _module_preset=&#8220;a14bec49-cc9a-4d0f-9a2c-c4d78d9ac6fd&#8220; text_text_color=&#8220;#FFFFFF&#8220; text_orientation=&#8220;center&#8220; global_colors_info=&#8220;{}&#8220;]@ET-DC@eyJkeW5hbWljIjp0cnVlLCJjb250ZW50IjoiY3VycmVudF9kYXRlIiwic2V0dGluZ3MiOnsiYmVmb3JlIjoiQ29weXJpZ2h0ICZjb3B5OyAiLCJhZnRlciI6IkxpY2h0d2VyayAmYW1wOyBEcmVhbXJvb3RzIFN0dWRpb3MuIEFsbCBSaWdodHMgUmVzZXJ2ZWQuIiwiZGF0ZV9mb3JtYXQiOiJjdXN0b20iLCJjdXN0b21fZGF0ZV9mb3JtYXQiOiJZIn19@[\/et_pb_text][\/et_pb_column][\/et_pb_row][\/et_pb_section]<\/p>\n","protected":false},"excerpt":{"rendered":"<p>Wir sind bald f\u00fcr euch da!NEU in L\u00f6rrach &#8211; Lichtwerk \u00f6ffnet Ihre PfortenWas findet eigentlichin unseren neuen R\u00e4umen statt?Holistic Pulsing (Sanfte K\u00f6rperarbeit) Kinderyoga &amp; Teenieyoga Frauenyoga Frauen- &amp; M\u00e4nnerkreise Aroma-\u00d6le (Doterra) Klangschalen R\u00e4ucherwerk &amp; Zubeh\u00f6r Kristalle \/ MineralienAllgemeine InfosAdresseTeichstr. 38 in L\u00f6rrachHandy+49 151 673 647 28 Emailinfo@lichtwerk-loerrach.deInstagramLichtwerk_loerrachWir freuen uns auf dich!Lichtwerk L\u00f6rrach &#8211; Ein Raum [&hellip;]<\/p>\n","protected":false},"author":6,"featured_media":0,"parent":0,"menu_order":0,"comment_status":"closed","ping_status":"open","template":"","meta":{"_et_pb_use_builder":"on","_et_pb_old_content":"","_et_gb_content_width":"","footnotes":""},"class_list":["post-17881","page","type-page","status-publish","hentry"],"yoast_head":"<!-- This site is optimized with the Yoast SEO plugin v26.8 - https:\/\/yoast.com\/product\/yoast-seo-wordpress\/ -->\n<title>Herzlich Willkommen -<\/title>\n<meta name=\"description\" content=\"Wir sind bald f\u00fcr euch da!NEU in L\u00f6rrach - Lichtwerk \u00f6ffnet Ihre PfortenWas findet eigentlichin unseren neuen R\u00e4umen statt?Holistic Pulsing (Sanfte K\u00f6rperarbeit) Kinderyoga &amp; Teenieyoga Frauenyoga Frauen- &amp; M\u00e4nnerkreise Aroma-\u00d6le (Doterra) Klangschalen R\u00e4ucherwerk &amp; Zubeh\u00f6r Kristalle \/ MineralienAllgemeine InfosAdresseTeichstr. 38 in L\u00f6rrachHandy+49 151 673 647 28 Emailinfo@lichtwerk-loerrach.deInstagramLichtwerk_loerrachWir freuen uns auf dich!Lichtwerk L\u00f6rrach - Ein Raum [&hellip;]\" \/>\n<meta name=\"robots\" content=\"index, follow, max-snippet:-1, max-image-preview:large, max-video-preview:-1\" \/>\n<link rel=\"canonical\" href=\"https:\/\/lichtwerk-loerrach.de\/\" \/>\n<meta property=\"og:locale\" content=\"de_DE\" \/>\n<meta property=\"og:type\" content=\"article\" \/>\n<meta property=\"og:title\" content=\"Herzlich Willkommen -\" \/>\n<meta property=\"og:description\" content=\"Wir sind bald f\u00fcr euch da!NEU in L\u00f6rrach - Lichtwerk \u00f6ffnet Ihre PfortenWas findet eigentlichin unseren neuen R\u00e4umen statt?Holistic Pulsing (Sanfte K\u00f6rperarbeit) Kinderyoga &amp; Teenieyoga Frauenyoga Frauen- &amp; M\u00e4nnerkreise Aroma-\u00d6le (Doterra) Klangschalen R\u00e4ucherwerk &amp; Zubeh\u00f6r Kristalle \/ MineralienAllgemeine InfosAdresseTeichstr. 38 in L\u00f6rrachHandy+49 151 673 647 28 Emailinfo@lichtwerk-loerrach.deInstagramLichtwerk_loerrachWir freuen uns auf dich!Lichtwerk L\u00f6rrach - Ein Raum [&hellip;]\" \/>\n<meta property=\"og:url\" content=\"https:\/\/lichtwerk-loerrach.de\/\" \/>\n<meta property=\"article:modified_time\" content=\"2026-04-01T06:54:37+00:00\" \/>\n<meta name=\"twitter:card\" content=\"summary_large_image\" \/>\n<script type=\"application\/ld+json\" class=\"yoast-schema-graph\">{\"@context\":\"https:\/\/schema.org\",\"@graph\":[{\"@type\":\"WebPage\",\"@id\":\"https:\/\/lichtwerk-loerrach.de\/\",\"url\":\"https:\/\/lichtwerk-loerrach.de\/\",\"name\":\"Herzlich Willkommen -\",\"isPartOf\":{\"@id\":\"https:\/\/lichtwerk-loerrach.de\/#website\"},\"datePublished\":\"2026-02-20T06:33:58+00:00\",\"dateModified\":\"2026-04-01T06:54:37+00:00\",\"breadcrumb\":{\"@id\":\"https:\/\/lichtwerk-loerrach.de\/#breadcrumb\"},\"inLanguage\":\"de\",\"potentialAction\":[{\"@type\":\"ReadAction\",\"target\":[\"https:\/\/lichtwerk-loerrach.de\/\"]}]},{\"@type\":\"BreadcrumbList\",\"@id\":\"https:\/\/lichtwerk-loerrach.de\/#breadcrumb\",\"itemListElement\":[{\"@type\":\"ListItem\",\"position\":1,\"name\":\"Home\",\"item\":\"https:\/\/lichtwerk-loerrach.de\/\"},{\"@type\":\"ListItem\",\"position\":2,\"name\":\"Herzlich Willkommen\"}]},{\"@type\":\"WebSite\",\"@id\":\"https:\/\/lichtwerk-loerrach.de\/#website\",\"url\":\"https:\/\/lichtwerk-loerrach.de\/\",\"name\":\"https:\/\/lichtwerk-loerrach.de\/\",\"description\":\"\",\"publisher\":{\"@id\":\"https:\/\/lichtwerk-loerrach.de\/#organization\"},\"potentialAction\":[{\"@type\":\"SearchAction\",\"target\":{\"@type\":\"EntryPoint\",\"urlTemplate\":\"https:\/\/lichtwerk-loerrach.de\/?s={search_term_string}\"},\"query-input\":{\"@type\":\"PropertyValueSpecification\",\"valueRequired\":true,\"valueName\":\"search_term_string\"}}],\"inLanguage\":\"de\"},{\"@type\":\"Organization\",\"@id\":\"https:\/\/lichtwerk-loerrach.de\/#organization\",\"name\":\"Lichtwerk L\u00f6rrach\",\"url\":\"https:\/\/lichtwerk-loerrach.de\/\",\"logo\":{\"@type\":\"ImageObject\",\"inLanguage\":\"de\",\"@id\":\"https:\/\/lichtwerk-loerrach.de\/#\/schema\/logo\/image\/\",\"url\":\"https:\/\/lichtwerk-loerrach.de\/wp-content\/uploads\/2026\/01\/Lichtwerk_Logo_Gold-3-scaled.png\",\"contentUrl\":\"https:\/\/lichtwerk-loerrach.de\/wp-content\/uploads\/2026\/01\/Lichtwerk_Logo_Gold-3-scaled.png\",\"width\":2170,\"height\":2560,\"caption\":\"Lichtwerk L\u00f6rrach\"},\"image\":{\"@id\":\"https:\/\/lichtwerk-loerrach.de\/#\/schema\/logo\/image\/\"},\"sameAs\":[\"https:\/\/www.instagram.com\/lichtwerk_loerrach\"]}]}<\/script>\n<!-- \/ Yoast SEO plugin. -->","yoast_head_json":{"title":"Herzlich Willkommen -","description":"Wir sind bald f\u00fcr euch da!NEU in L\u00f6rrach - Lichtwerk \u00f6ffnet Ihre PfortenWas findet eigentlichin unseren neuen R\u00e4umen statt?Holistic Pulsing (Sanfte K\u00f6rperarbeit) Kinderyoga &amp; Teenieyoga Frauenyoga Frauen- &amp; M\u00e4nnerkreise Aroma-\u00d6le (Doterra) Klangschalen R\u00e4ucherwerk &amp; Zubeh\u00f6r Kristalle \/ MineralienAllgemeine InfosAdresseTeichstr. 38 in L\u00f6rrachHandy+49 151 673 647 28 Emailinfo@lichtwerk-loerrach.deInstagramLichtwerk_loerrachWir freuen uns auf dich!Lichtwerk L\u00f6rrach - Ein Raum [&hellip;]","robots":{"index":"index","follow":"follow","max-snippet":"max-snippet:-1","max-image-preview":"max-image-preview:large","max-video-preview":"max-video-preview:-1"},"canonical":"https:\/\/lichtwerk-loerrach.de\/","og_locale":"de_DE","og_type":"article","og_title":"Herzlich Willkommen -","og_description":"Wir sind bald f\u00fcr euch da!NEU in L\u00f6rrach - Lichtwerk \u00f6ffnet Ihre PfortenWas findet eigentlichin unseren neuen R\u00e4umen statt?Holistic Pulsing (Sanfte K\u00f6rperarbeit) Kinderyoga &amp; Teenieyoga Frauenyoga Frauen- &amp; M\u00e4nnerkreise Aroma-\u00d6le (Doterra) Klangschalen R\u00e4ucherwerk &amp; Zubeh\u00f6r Kristalle \/ MineralienAllgemeine InfosAdresseTeichstr. 38 in L\u00f6rrachHandy+49 151 673 647 28 Emailinfo@lichtwerk-loerrach.deInstagramLichtwerk_loerrachWir freuen uns auf dich!Lichtwerk L\u00f6rrach - Ein Raum [&hellip;]","og_url":"https:\/\/lichtwerk-loerrach.de\/","article_modified_time":"2026-04-01T06:54:37+00:00","twitter_card":"summary_large_image","schema":{"@context":"https:\/\/schema.org","@graph":[{"@type":"WebPage","@id":"https:\/\/lichtwerk-loerrach.de\/","url":"https:\/\/lichtwerk-loerrach.de\/","name":"Herzlich Willkommen -","isPartOf":{"@id":"https:\/\/lichtwerk-loerrach.de\/#website"},"datePublished":"2026-02-20T06:33:58+00:00","dateModified":"2026-04-01T06:54:37+00:00","breadcrumb":{"@id":"https:\/\/lichtwerk-loerrach.de\/#breadcrumb"},"inLanguage":"de","potentialAction":[{"@type":"ReadAction","target":["https:\/\/lichtwerk-loerrach.de\/"]}]},{"@type":"BreadcrumbList","@id":"https:\/\/lichtwerk-loerrach.de\/#breadcrumb","itemListElement":[{"@type":"ListItem","position":1,"name":"Home","item":"https:\/\/lichtwerk-loerrach.de\/"},{"@type":"ListItem","position":2,"name":"Herzlich Willkommen"}]},{"@type":"WebSite","@id":"https:\/\/lichtwerk-loerrach.de\/#website","url":"https:\/\/lichtwerk-loerrach.de\/","name":"https:\/\/lichtwerk-loerrach.de\/","description":"","publisher":{"@id":"https:\/\/lichtwerk-loerrach.de\/#organization"},"potentialAction":[{"@type":"SearchAction","target":{"@type":"EntryPoint","urlTemplate":"https:\/\/lichtwerk-loerrach.de\/?s={search_term_string}"},"query-input":{"@type":"PropertyValueSpecification","valueRequired":true,"valueName":"search_term_string"}}],"inLanguage":"de"},{"@type":"Organization","@id":"https:\/\/lichtwerk-loerrach.de\/#organization","name":"Lichtwerk L\u00f6rrach","url":"https:\/\/lichtwerk-loerrach.de\/","logo":{"@type":"ImageObject","inLanguage":"de","@id":"https:\/\/lichtwerk-loerrach.de\/#\/schema\/logo\/image\/","url":"https:\/\/lichtwerk-loerrach.de\/wp-content\/uploads\/2026\/01\/Lichtwerk_Logo_Gold-3-scaled.png","contentUrl":"https:\/\/lichtwerk-loerrach.de\/wp-content\/uploads\/2026\/01\/Lichtwerk_Logo_Gold-3-scaled.png","width":2170,"height":2560,"caption":"Lichtwerk L\u00f6rrach"},"image":{"@id":"https:\/\/lichtwerk-loerrach.de\/#\/schema\/logo\/image\/"},"sameAs":["https:\/\/www.instagram.com\/lichtwerk_loerrach"]}]}},"_links":{"self":[{"href":"https:\/\/lichtwerk-loerrach.de\/index.php\/wp-json\/wp\/v2\/pages\/17881","targetHints":{"allow":["GET"]}}],"collection":[{"href":"https:\/\/lichtwerk-loerrach.de\/index.php\/wp-json\/wp\/v2\/pages"}],"about":[{"href":"https:\/\/lichtwerk-loerrach.de\/index.php\/wp-json\/wp\/v2\/types\/page"}],"author":[{"embeddable":true,"href":"https:\/\/lichtwerk-loerrach.de\/index.php\/wp-json\/wp\/v2\/users\/6"}],"replies":[{"embeddable":true,"href":"https:\/\/lichtwerk-loerrach.de\/index.php\/wp-json\/wp\/v2\/comments?post=17881"}],"version-history":[{"count":14,"href":"https:\/\/lichtwerk-loerrach.de\/index.php\/wp-json\/wp\/v2\/pages\/17881\/revisions"}],"predecessor-version":[{"id":33441,"href":"https:\/\/lichtwerk-loerrach.de\/index.php\/wp-json\/wp\/v2\/pages\/17881\/revisions\/33441"}],"wp:attachment":[{"href":"https:\/\/lichtwerk-loerrach.de\/index.php\/wp-json\/wp\/v2\/media?parent=17881"}],"curies":[{"name":"wp","href":"https:\/\/api.w.org\/{rel}","templated":true}]}}